s divided by w.
13
Let z(u) = -2*u**3 - 45*u**2 - 17*u - 1. Let l(m) = -m**3 - 24*m**2 - 8*m. Let i(d) = -11*l(d) + 6*z(d). Calculate the remainder when i(-5) is divided by 14.
11
Let q(p) = -p**2 - 9*p - 6. Let d be q(-8). Suppose -4*l + 5*r = -82, -6 = -2*r - d. Let f = 289 + -203. What is the remainder when f is divided by l?
17
Suppose 81*n - 11425 - 12075 = -19*n. What is the remainder when n is divided by 9?
1
Suppose 63*n + 1013 = 1670 + 1485. Calculate the remainder when 439 is divided by n.
31
Suppose -4*r = -a + 2118 - 7095, -18 = 2*a. What is the remainder when r is divided by 209?
197
Suppose 0 = 297*z - 272*z - 22625. Calculate the remainder when z is divided by 130.
125
Calculate the remainder when (-123462)/(-228) + 2/4 is divided by 156.
74
Let f be (-14)/(-63) + 175/63. Let a(c) = -25*c + 90. What is the remainder when a(f) is divided by 11?
4
Let o(r) = -r**2 - 27*r + 550. What is the remainder when o(-24) is divided by 59?
32
Let x(t) = -3*t - 15. Let c be x(-6). Let s be 3082/14 - ((-80)/28 + c). Suppose s - 562 = -9*w. Calculate the remainder when w is divided by 11.
5
Suppose -3*d + 8 = -0*r - 5*r, -5*d - 4*r = 36. Let z be 0*(d + (-2 - -5)). What is the remainder when (z + 30)*36/10 is divided by 14?
10
Let u = -45 - -45. Suppose u = -h - 4 + 7. Suppose 2 = h*y - 55. Calculate the remainder when 93 is divided by y.
17
Let c be -1 + 0/(3 + -6). Suppose 15*t + 108 = -12*t. What is the remainder when t - c - (-49 - -5) is divided by 14?
13
Let b(k) = 78*k**2 + 2*k + 1. Suppose -8408 = -39*f - 6341. What is the remainder when b(2) is divided by f?
52
Let b be (-3 - 39/(-15)) + (-137)/(-5). Let y = b + -23. Suppose -2*m + 7*m - 75 = -l, -276 = -4*l + y*m. What is the remainder when l is divided by 25?
20
Let f = 24957 - 20860. What is the remainder when f is divided by 19?
12
Let t = 8230 - 8139. What is the remainder when 13283 is divided by t?
88
Suppose -n - 143 = -o, -n = 4*o - o - 425. What is the remainder when 428 is divided by o?
2
Calculate the remainder when 3989 + -10 - 5/(-10)*-10 is divided by 13.
9
Let d = 12 - 22. Let l(h) = -h**3 - 10*h**2 - 4*h + 2. Suppose 4*q - 4*z = 656, -4*z + 29 + 299 = 2*q. Calculate the remainder when q is divided by l(d).
38
Let u(z) = -9*z + 196. Let h be u(-25). Suppose 0 = 3*i - 2*o - h, -3*i = 3*o - 7*o - 431. What is the remainder when i is divided by 20?
17
Let u = -16 - -29. Let q(x) be the second derivative of 13*x**3/3 - 131*x**2/2 - 244*x. Calculate the remainder when q(6) is divided by u.
12
Calculate the remainder when 1222 is divided by (782/(-69))/((-4)/12).
32
Suppose 0*r - 38 = -2*r. Suppose -2*x - 600 = -32*x. What is the remainder when x is divided by r?
1
Let s = 28 + -25. Suppose -m + s = 0, -5*m - 429 = -0*c - 3*c. Let j = c - 96. Calculate the remainder when j is divided by 11.
8
Let l be 3/(-12) + 4585/(-140). Let t = 42 + l. Calculate the remainder when 1*(41 - (-1 + 1)) is divided by t.
5
Let r(t) = -t**2 - 38*t - 64. Let h be r(-28). Suppose -h = -31*o + 19*o. What is the remainder when 250 is divided by o?
16
Suppose 6*q - 35 = -11. Suppose q*v = 5*b + 567, 5*v - 691 - 39 = 2*b. Let k = -123 + v. What is the remainder when k is divided by 13?
12
Let x be 4*(-45)/(-20) - -5. Suppose x*j - 10*j = 64. Calculate the remainder when 158 is divided by j.
14
Suppose -6*t + 2*t - 70 = -2*o, -3*o - 3*t + 105 = 0. Let v = o - 5. What is the remainder when 84 is divided by v?
24
Suppose 3*g - 7*h = -8*h + 289, 2*g - 3*h = 178. Calculate the remainder when 2087 is divided by g.
92
Suppose 9*f - 4360 = 4487. What is the remainder when f is divided by 325?
8
Suppose 4*q - 68450 = z, 0 = 3562*q - 3566*q + 4*z + 68468. Calculate the remainder when q is divided by 92.
91
Let b = -203 + 249. What is the remainder when 237 is divided by b + 1 + (19 - 18)?
45
Let y be (-2656)/(-64) + ((-3)/(-2))/(-1). Suppose -l + 3*k = -y, -3*l + 2*k - 9 + 108 = 0. What is the remainder when l is divided by 13?
5
Suppose -2 = -2*p - 3*j + 28, j = 2*p - 30. Let o = p - 11. Suppose -o*s - h + 91 = 0, 2*s + 3*h + 1 = 44. What is the remainder when 67 is divided by s?
21
Suppose 191*z + 14586 = 278*z + 342*z. What is the remainder when -7 + 5 + 117 + -1 is divided by z?
12
Suppose -6203 = -13*c - 1497. Let k = 404 - c. Calculate the remainder when 105 is divided by k.
21
Calculate the remainder when (3261/(-8)*(-180)/(-45))/(15/(-20)) is divided by 16.
14
Let l(h) = 9*h - 313. Let s = 95 - 56. Calculate the remainder when l(s) is divided by 17.
4
Suppose -2*l + 5*g + 109 = 0, l + 2*g - 54 = 4*g. Suppose -2*a + 29 = -a - 3*r, 4*r + l = 2*a. Calculate the remainder when 41 is divided by a.
1
Suppose 4*b = -0*h - 3*h + 1428, -1785 = -5*b - 3*h. Suppose -6*j + b = -477. Suppose 5*p = 2*p + 141. What is the remainder when j is divided by p?
45
Suppose -7*a + 10*a = -1017. Let x = a - -241. What is the remainder when (x/42)/(2/(-48)) is divided by 12?
8
Let k be (40/12)/((-2)/(-3)). Let a = 109 - 109. Suppose -g + 99 = g - k*s, -g + 3*s + 51 = a. Calculate the remainder when g is divided by 15.
12
Let d(j) = -5*j + 36. Let v be d(6). Calculate the remainder when ((-1)/(-2) - (-267)/v)/1 is divided by 17.
11
Suppose 906 = -9*c + 2958. Calculate the remainder when c is divided by 11.
8
Let n = -10773 + 10781. Calculate the remainder when 87 is divided by n.
7
Let j(i) = 28*i + 218. Let z be j(-8). What is the remainder when 42 is divided by -5 - (270/(-9) - z/2)?
20
Let a(n) = -n**3 + 6*n**2 + 2*n - 9. Let v(o) = -8*o**2 + 8*o + 65. Calculate the remainder when v(3) is divided by a(6).
2
Suppose 4*h - 46 = c, -3*h + 154 = -4*c + 35. Suppose -k = 5*m + 70, k + 4*k + 38 = -m. What is the remainder when (m/c)/(2/524) is divided by 33?
32
Let i = 1465 + -1423. What is the remainder when 388 is divided by i?
10
Let y(d) = -2*d**2 - 69*d + 25. Calculate the remainder when 189 is divided by y(0).
14
Let z = -118 + 122. Suppose 7*r - z*r = 3*l - 108, -5*r + 190 = 5*l. What is the remainder when l is divided by 9?
1
Let s = 28 - 28. Suppose 58 = 4*c - 2*r, s = -3*r + 1 + 2. What is the remainder when 117 is divided by c?
12
Calculate the remainder when 57 is divided by (0 - -3)*(6/(-8) + 2576/192).
19
Let j(r) = 3*r**2 - r**3 + 108 - 225 + 136 - 4*r. Calculate the remainder when 37 is divided by j(3).
2
What is the remainder when 649 is divided by 3*6 - 232/203*-7?
25
What is the remainder when 79 is divided by -1 - (24/88 - 1282/22)?
22
Suppose 13929 - 60163 = -95*z + 83061. Calculate the remainder when z is divided by 152.
145
Let c(l) = -395*l + 552. What is the remainder when c(-2) is divided by 168?
166
Let l(i) = -i**3 + 7*i**2 + 17*i + 21. Let g be l(9). Suppose -g*f + 322 = -5*f. Calculate the remainder when 320 is divided by f.
44
Let n(c) = c + 45. Let r be n(-17). Suppose -r = -u - 6*u. Suppose 0 = -5*k + 5, 39 = u*q + k - 2*k. What is the remainder when 69 is divided by q?
9
Let s(r) = -2*r**3 - 9*r**2 - 10*r - 78. What is the remainder when 681 is divided by s(-7)?
207
Suppose 3*i = 5*b + 256, -4*i + i - 4*b + 292 = 0. Suppose -5*s = k - 121, -5*s - 5*k = 1130 - 1255. Calculate the remainder when i is divided by s.
20
Let u be (8 - (-66)/(-11))*(11 - 0). Suppose -300 = -u*a + 1372. Calculate the remainder when a is divided by 33.
10
Let q be 346/(-18) + -1 - (-24)/108. What is the remainder when (61 - 0) + (-14 - q) is divided by 15?
7
Suppose -2904 = -30*m + 3456. Suppose w - 259 = 4*y, -w + 92 = 5*y - m. What is the remainder when w is divided by 14?
13
Let c(o) = -2*o**2 + 5*o + 21. Let j be c(5). Calculate the remainder when 11/j - -2 - (-7950)/40 is divided by 8.
6
Let p be 136/51*(-6)/(-8). Suppose 5*u + 4*i = 67 + 23, -p*u = 5*i - 19. Let t(x) = -2*x - 22. Calculate the remainder when u is divided by t(-14).
4
Let i(w) = -w**3 + 7*w**2 + 4*w + 1. Let b = 8 + -6. Let m be 3 + (b + -3)*-3. Calculate the remainder when i(m) is divided by 32.
29
Let z = 16163 + -15128. What is the remainder when z is divided by 5?
0
Suppose 6*x - 317 = -125. What is the remainder when x is divided by ((-192)/42)/(4/(-14)) + -4?
8
Suppose -3*o + 537 = -4*j - 60, j = 3. What is the remainder when 346 is divided by o?
143
Let q = 522 - 187. Suppose 2*p - 100 = -2*w + 34, -3*p + q = 5*w. Calculate the remainder whe